{"id":82,"date":"2024-09-29T16:47:27","date_gmt":"2024-09-29T16:47:27","guid":{"rendered":"https:\/\/punaimepare.com\/?page_id=82"},"modified":"2025-04-16T06:36:35","modified_gmt":"2025-04-16T06:36:35","slug":"per-ne","status":"publish","type":"page","link":"https:\/\/punaimepare.com\/roma\/per-ne\/","title":{"rendered":"P\u00ebr ne"},"content":{"rendered":"<section class=\"section\" id=\"section_814349518\">\n\t\t<div class=\"section-bg fill\" >\n\t\t\t\t\t\t\t\t\t<div class=\"section-bg-overlay absolute fill\"><\/div>\n\t\t\t\n\n\t\t<\/div>\n\n\t\t\n\n\t\t<div class=\"section-content relative\">\n\t\t\t\n<div class=\"row align-center\"  id=\"row-1396432302\">\n\n\t<div id=\"col-370395950\" class=\"col medium-5 small-12 large-5\"  >\n\t\t\t\t<div class=\"col-inner text-center\"  >\n\t\t\t\n\t\t\t\n\t<div class=\"img has-hover x md-x lg-x y md-y lg-y\" id=\"image_1380911163\">\n\t\t\t\t\t\t\t\t<div class=\"img-inner dark\" >\n\t\t\t<img loading=\"lazy\" decoding=\"async\" width=\"683\" height=\"1024\" src=\"https:\/\/punaimepare.com\/wp-content\/uploads\/2024\/11\/Isak-Skenderi-683x1024.jpg\" class=\"attachment-large size-large\" alt=\"\" srcset=\"https:\/\/punaimepare.com\/wp-content\/uploads\/2024\/11\/Isak-Skenderi-683x1024.jpg 683w, https:\/\/punaimepare.com\/wp-content\/uploads\/2024\/11\/Isak-Skenderi-200x300.jpg 200w, https:\/\/punaimepare.com\/wp-content\/uploads\/2024\/11\/Isak-Skenderi-768x1152.jpg 768w, https:\/\/punaimepare.com\/wp-content\/uploads\/2024\/11\/Isak-Skenderi-1024x1536.jpg 1024w, https:\/\/punaimepare.com\/wp-content\/uploads\/2024\/11\/Isak-Skenderi-1365x2048.jpg 1365w, https:\/\/punaimepare.com\/wp-content\/uploads\/2024\/11\/Isak-Skenderi-8x12.jpg 8w, https:\/\/punaimepare.com\/wp-content\/uploads\/2024\/11\/Isak-Skenderi-scaled.jpg 1707w\" sizes=\"auto, (max-width: 683px) 100vw, 683px\" \/>\t\t\t\t\t\t\n\t\t\t\t\t<\/div>\n\t\t\t\t\t\t\t\t\n<style>\n#image_1380911163 {\n  width: 64%;\n}\n<\/style>\n\t<\/div>\n\t\n\t<div id=\"text-3926391963\" class=\"text\">\n\t\t\n<p><span style=\"color: #ed7d31;\"><strong>Isak SKENDERI<\/strong><\/span><br \/>\nOjq Z\u00ebri i Rom\u00ebve, Ashkalive dhe Egjiptian\u00ebve<\/p>\n\t\t\n<style>\n#text-3926391963 {\n  font-size: 0.9rem;\n}\n<\/style>\n\t<\/div>\n\t\n\t\t<\/div>\n\t\t\t\t\t<\/div>\n\n\t\n\n\t<div id=\"col-1891733111\" class=\"col medium-5 small-12 large-5\"  >\n\t\t\t\t<div class=\"col-inner\"  >\n\t\t\t\n\t\t\t\n<p><span style=\"color: #ed7d31;\">MANGLE TERNE<\/span><\/p>\n<p><span style=\"color: #ed7d31;\">\u00cbSHT\u00cb<\/span> nj\u00eb k\u00ebnaq\u00ebsi e ve\u00e7ant\u00eb t\u00eb ndaj me ju nism\u00ebn ton\u00eb m\u00eb t\u00eb re, programin <strong>&#8220;Puna ime e Par\u00eb&#8221;<\/strong>. Ky program \u00ebsht\u00eb krijuar me q\u00ebllim t&#8217;ju ofroj\u00eb mund\u00ebsin\u00eb e par\u00eb p\u00ebr t\u00eb p\u00ebrjetuar bot\u00ebn profesionale dhe p\u00ebr t\u00eb zhvilluar aft\u00ebsit\u00eb q\u00eb do t\u00eb jen\u00eb themelore n\u00eb rrug\u00ebn tuaj t\u00eb karrier\u00ebs.Ne si organizat &#8220;Z\u00ebri i Rom\u00ebve, Ashkalive dhe Egjiptian\u00ebve&#8221; besojm\u00eb fuqimisht se fuqizimi i t\u00eb rinjve, p\u00ebrmes p\u00ebrvojave praktike dhe mb\u00ebshtetjes profesionale, do t\u00eb jet\u00eb \u00e7el\u00ebsi p\u00ebr nj\u00eb t\u00eb ardhme t\u00eb suksesshme dhe t\u00eb q\u00ebndrueshme p\u00ebr t\u00eb rinjt e komuniteteve rom, ashkali dhe egjitpian.<\/p>\n<p>Akava program dela shaipe vash te sikloven ano pashipe, vash te nakheaven o pharipya thay te den kontributi ano yaverune proyektia kola silen yekh impakti baro ano jivdipe e ternengo ko komunitetya roma, ashkalie thay egipqanya. Amen khara tumen te aplikinen thay te oven kotor akale eksperiencako unikuni koya, bi dikhipaske, ka barvarel tumare jandipya thay ka putarel vudara ano dromipe e neve shaipyengo. Shukar ajukera tumen ano akava dromipekova si mahatno thay ajukera sigate te dikha o enerjie thay tumare neve ideye kola ka zutinen te phira angle yekhune.<\/p>\n\t\t<\/div>\n\t\t\t\t\t<\/div>\n\n\t\n<\/div>\n\t\t<\/div>\n\n\t\t\n<style>\n#section_814349518 {\n  padding-top: 60px;\n  padding-bottom: 60px;\n  background-color: rgb(255, 255, 255);\n}\n#section_814349518 .section-bg-overlay {\n  background-color: rgba(255, 255, 255, 0.895);\n}\n<\/style>\n\t<\/section>\n\t\n\n\t<section class=\"section\" id=\"section_664180166\">\n\t\t<div class=\"section-bg fill\" >\n\t\t\t<img decoding=\"async\" src=\"https:\/\/punaimepare.com\/wp-content\/uploads\/2024\/10\/Rect-Light-2.svg\" class=\"bg attachment- size-\" alt=\"\" \/>\t\t\t\t\t\t<div class=\"section-bg-overlay absolute fill\"><\/div>\n\t\t\t\n\n\t\t<\/div>\n\n\t\t\n\n\t\t<div class=\"section-content relative\">\n\t\t\t\n<div class=\"row align-middle align-center\"  id=\"row-1907167190\">\n\n\t<div id=\"col-1320373973\" class=\"col medium-4 small-12 large-4\"  >\n\t\t\t\t<div class=\"col-inner text-center dark\" style=\"background-color:#0249b6;\" >\n\t\t\t\n\t\t\t\n<h4 class=\"uppercase\"><strong>Programi edukipesko<\/strong><\/h4>\n\t\t<\/div>\n\t\t\t\t\n<style>\n#col-1320373973 > .col-inner {\n  padding: 30px 30px 20px 30px;\n  border-radius: 5px;\n}\n<\/style>\n\t<\/div>\n\n\t\n\n\t<div id=\"col-877945758\" class=\"col medium-4 small-12 large-4\"  >\n\t\t\t\t<div class=\"col-inner text-center\" style=\"background-color:#ffde59;\" >\n\t\t\t\n\t\t\t\n<h4 class=\"uppercase\"><strong>Programi thanipesko<\/strong><\/h4>\n\t\t<\/div>\n\t\t\t\t\n<style>\n#col-877945758 > .col-inner {\n  padding: 30px 30px 20px 30px;\n  border-radius: 5px;\n}\n<\/style>\n\t<\/div>\n\n\t\n\n\t<div id=\"col-453652350\" class=\"col medium-4 small-12 large-4\"  >\n\t\t\t\t<div class=\"col-inner text-center dark\" style=\"background-color:rgb(2, 182, 95);\" >\n\t\t\t\n\t\t\t\n<h4 class=\"uppercase\"><strong>Programi Antijipsizmesko<\/strong><\/h4>\n\t\t<\/div>\n\t\t\t\t\n<style>\n#col-453652350 > .col-inner {\n  padding: 30px 30px 20px 30px;\n  border-radius: 5px;\n}\n<\/style>\n\t<\/div>\n\n\t\n\n\t<div id=\"col-1628538131\" class=\"col medium-4 small-12 large-4\"  >\n\t\t\t\t<div class=\"col-inner text-center dark\" style=\"background-color:rgb(174, 2, 182);\" >\n\t\t\t\n\t\t\t\n<h4 class=\"uppercase\"><strong>Programi Butikeripesko<\/strong><\/h4>\n\t\t<\/div>\n\t\t\t\t\n<style>\n#col-1628538131 > .col-inner {\n  padding: 30px 30px 20px 30px;\n  border-radius: 5px;\n}\n<\/style>\n\t<\/div>\n\n\t\n\n\t<div id=\"col-678653627\" class=\"col medium-4 small-12 large-4\"  >\n\t\t\t\t<div class=\"col-inner text-center dark\" style=\"background-color:rgb(237, 125, 49);\" >\n\t\t\t\n\t\t\t\n<h4 class=\"uppercase\">Programi zoralipe e juvlengo<\/h4>\n\t\t<\/div>\n\t\t\t\t\n<style>\n#col-678653627 > .col-inner {\n  padding: 30px 30px 20px 20px;\n  border-radius: 5px;\n}\n<\/style>\n\t<\/div>\n\n\t\n<\/div>\n\t\t<\/div>\n\n\t\t\n<style>\n#section_664180166 {\n  padding-top: 84px;\n  padding-bottom: 84px;\n}\n#section_664180166 .section-bg-overlay {\n  background-color: rgba(255, 255, 255, 0.93);\n}\n<\/style>\n\t<\/section>\n\t\n\n\t<section class=\"section\" id=\"section_1500740949\">\n\t\t<div class=\"section-bg fill\" >\n\t\t\t\t\t\t\t\t\t<div class=\"section-bg-overlay absolute fill\"><\/div>\n\t\t\t\n\n\t\t<\/div>\n\n\t\t\n\n\t\t<div class=\"section-content relative\">\n\t\t\t\n\t<div id=\"gap-46931030\" class=\"gap-element clearfix\" style=\"display:block; height:auto;\">\n\t\t\n<style>\n#gap-46931030 {\n  padding-top: 30px;\n}\n<\/style>\n\t<\/div>\n\t\n<div class=\"row row-large\"  id=\"row-78001861\">\n\n\t<div id=\"col-337477635\" class=\"col small-12 large-12\"  >\n\t\t\t\t<div class=\"col-inner\"  >\n\t\t\t\n\t\t\t\n<div class=\"row\"  id=\"row-555959856\">\n\n\t<div id=\"col-44917491\" class=\"col medium-6 small-12 large-6\"  >\n\t\t\t\t<div class=\"col-inner\"  >\n\t\t\t\n\t\t\t\n<h3>Resipe<\/h3>\n<p>Resipe e platformako site azutinel e ternen ano jandipya sar odola e komunitetyengo roma, ashkalie thay egipqanya vash buti keripe thay te del olen ekonomikuno azutipe ano alosaripe e problemesko e personeleske nanipesko. O terne ka triumfinen ano evolviripe e profesionalune jandipesko thay penjaripe olenge anglune butyako.<\/p>\n\t\t<\/div>\n\t\t\t\t\t<\/div>\n\n\t\n\n\t<div id=\"col-1810998507\" class=\"col medium-6 small-12 large-6\"  >\n\t\t\t\t<div class=\"col-inner\"  >\n\t\t\t\n\t\t\t\n<h3>Gndipe<\/h3>\n<p>Te sigurina may baro butikeripe thay na vastipe vash laqharipe e shaipyengo vash jivdipasko avutnipe thay sinyiteti e komuniteteske jengengo, roma, ashkalie thay egipqanya. Numay deyipe yekhe zorale dromesko thay sahastaripe kotar edukipe ano dromipe e butikeripesko.<\/p>\n\t\t<\/div>\n\t\t\t\t\t<\/div>\n\n\t\n<\/div>\n\t\t<\/div>\n\t\t\t\t\t<\/div>\n\n\t\n<\/div>\n<div class=\"row\"  id=\"row-122576354\">\n\n\t<div id=\"col-1137530431\" class=\"col small-12 large-12\"  >\n\t\t\t\t<div class=\"col-inner\"  >\n\t\t\t\n\t\t\t\n<h3>Shaipya<\/h3>\n<p>Platforma \u201cMiri Angluni Buti\u201d dela shaipe e ternenge kay te khuven ano kompanie manglarde thay shaipya vash te len piri angluni kontrata e bukyaki palo agoripe e 6 masekune programesko.\nAkava shay te ovel yekh shaipe sumnakuni vash olenge, odoleske kay buderi manushenge eksperience mothavena kay arakhipe e anglune butyako si may phare.<\/p>\n<p>Platforma \u201cMiri Angluni Buti\u201d ka promovinel butikeripe ko terne deindoy bukyake thana shukarne thay profesionalune treningia ano ledeyipe e Agencia vash Butikeripe e Kosovake REpublikako vash o terne bibutikeripesko. Ayekha on ka triumfinen jandipe thay manglarde competence vash butikeripe adresindoy ini o problemia e stafeske nanipesko ano sektori publikuno\/privat. Praktikaki butika agoringyol prekal o program kova qhivdilo e yekhe mentorea savo dikhlarela thay dela azutipe. Palo agoripe on ka len referenca vash praktikaki buti agorimi vash specifikuni buti, koya baravela o shanse vash te arakhel yekh buti. Praktikaki buti dela ano 6 masek buti, kote ka len anglune jandipya e bukyake, thay palo odova akala siklipya ka qhivel olen ano implementipe, thay ka evolvirinen o neve jandipya thay ka laqharen bukyake regule.<\/p>\n<p>Programi fokusoringyola ayekha ini ano bukyakedeyutne amalipasko respondipe kola pakyana kay e ternenge manglape te dengyol yekh shansa thay kola si gatisarne te hraminen thay implementinen yekh shukarno plani vash te oven gatisarne kay akala terne ano specifikune profilia thay prekal o mangipe e bukyake tregosko. Specifikuno ka fokusiringyon ano profilia e interesea vash o juvla kote ka referingyova e pozitencar sar: Socialuno Butikerno vash Garavipe e Qhavorengo, Sikavno, Sastipesko personeli, publikuno administrator  thay yaver.<\/p>\n<div class=\"row\"  id=\"row-1399437892\">\n\n\t<div id=\"col-726689629\" class=\"col small-12 large-12\"  >\n\t\t\t\t<div class=\"col-inner\"  >\n\t\t\t\n\t\t\t\n<h3>Ledeyutne<\/h3>\n<p>Butikeripesko program ka kerel ano pashipe e Agencia vash Butikeripe e Kosovake Republikako thay portalia, kola shay te oven ano akcesi thay may mahatno vash o rodlarne e butyako vash o roma, ashkalie thay egipqanya.<\/p>\n\t\t<\/div>\n\t\t\t\t\t<\/div>\n\n\t\n<\/div>\n\t\t<\/div>\n\t\t\t\t\t<\/div>\n\n\t\n<\/div>\n\t\t<\/div>\n\n\t\t\n<style>\n#section_1500740949 {\n  padding-top: 0px;\n  padding-bottom: 0px;\n}\n#section_1500740949 .section-bg-overlay {\n  background-color: rgba(255, 255, 255, 0.93);\n}\n@media (min-width:550px) {\n  #section_1500740949 {\n    padding-top: 60px;\n    padding-bottom: 60px;\n  }\n}\n<\/style>\n\t<\/section>","protected":false},"excerpt":{"rendered":"","protected":false},"author":1,"featured_media":0,"parent":0,"menu_order":0,"comment_status":"closed","ping_status":"closed","template":"page-blank.php","meta":{"footnotes":""},"class_list":["post-82","page","type-page","status-publish","hentry"],"_links":{"self":[{"href":"https:\/\/punaimepare.com\/roma\/wp-json\/wp\/v2\/pages\/82","targetHints":{"allow":["GET"]}}],"collection":[{"href":"https:\/\/punaimepare.com\/roma\/wp-json\/wp\/v2\/pages"}],"about":[{"href":"https:\/\/punaimepare.com\/roma\/wp-json\/wp\/v2\/types\/page"}],"author":[{"embeddable":true,"href":"https:\/\/punaimepare.com\/roma\/wp-json\/wp\/v2\/users\/1"}],"replies":[{"embeddable":true,"href":"https:\/\/punaimepare.com\/roma\/wp-json\/wp\/v2\/comments?post=82"}],"version-history":[{"count":38,"href":"https:\/\/punaimepare.com\/roma\/wp-json\/wp\/v2\/pages\/82\/revisions"}],"predecessor-version":[{"id":827,"href":"https:\/\/punaimepare.com\/roma\/wp-json\/wp\/v2\/pages\/82\/revisions\/827"}],"wp:attachment":[{"href":"https:\/\/punaimepare.com\/roma\/wp-json\/wp\/v2\/media?parent=82"}],"curies":[{"name":"wp","href":"https:\/\/api.w.org\/{rel}","templated":true}]}}