{"id":304,"date":"2024-11-02T19:21:26","date_gmt":"2024-11-02T19:21:26","guid":{"rendered":"https:\/\/punaimepare.com\/?page_id=304"},"modified":"2025-04-11T17:57:13","modified_gmt":"2025-04-11T17:57:13","slug":"puna-ime-e-pare","status":"publish","type":"page","link":"https:\/\/punaimepare.com\/roma\/puna-ime-e-pare\/","title":{"rendered":"Miri angluni buti"},"content":{"rendered":"<section class=\"section\" id=\"section_1151649697\">\n\t\t<div class=\"section-bg fill\" >\n\t\t\t\t\t\t\t\t\t\n\t\t\t\n\n\t\t<\/div>\n\n\t\t\n\n\t\t<div class=\"section-content relative\">\n\t\t\t\n\t<div id=\"gap-2035848866\" class=\"gap-element clearfix\" style=\"display:block; height:auto;\">\n\t\t\n<style>\n#gap-2035848866 {\n  padding-top: 30px;\n}\n<\/style>\n\t<\/div>\n\t\n<div class=\"row row-large align-middle align-center\"  id=\"row-991669502\">\n\n\t<div id=\"col-1780791941\" class=\"col medium-5 small-12 large-5\"  >\n\t\t\t\t<div class=\"col-inner\"  >\n\t\t\t\n\t\t\t\n<h2 class=\"thin-font translation-block\">Kharipe vash aplikipe <strong>\nMiri Angluni buti<\/strong><\/h2>\n<p>Organizacia \u201cVoice of Roma Ashkali and Egyptian\u201d putargya o konkursi vash aplikipe ano programi \u201c Miri angluni buti\u201d vash e trito generacia e bershesko 2025. akava programi si shukarno shaipe vash o jene e komunitetyengo Roma, Ashkalie thay Egipqanya kotar o bersha 18 jipe 34 bersh, kola si ano rodipe pere anglune bukyako.<\/p>\n<p>Resipe programesko si te azutinel thay gatisarel e ternen kotar o komunitetya Roma, Ashkalie thay Egipqanya  vash butikeripe thay te del ekonomikuno azutipe ano alosaripe e problemesko ano nanipe e personelesko\/butikerutnengo.<\/p>\n<p>Akale programea si resipe kay e ternenge te dengyol shaipe kay prekal e praktikuni buti te asistingyon kotar o mentoria, stafi kompaniako, te vazden olenge jandipya profesionalune prekal o treningya ani buti thay te ovel olen shaipe te familiarizingyon e kompania thay regulative olenge vash (6) masek.<\/p>\n\t\t<\/div>\n\t\t\t\t\t<\/div>\n\n\t\n\n\t<div id=\"col-475545252\" class=\"col medium-7 small-12 large-7\"  >\n\t\t\t\t<div class=\"col-inner\" style=\"background-color:rgb(255,255,255);\" >\n\t\t\t\n\t\t\t\n<div class=\"slider-wrapper relative\" id=\"slider-260599910\" >\n    <div class=\"slider slider-nav-circle slider-nav-normal slider-nav-dark slider-style-normal slider-show-nav\"\n        data-flickity-options='{            \"cellAlign\": \"center\",            \"imagesLoaded\": true,            \"lazyLoad\": 1,            \"freeScroll\": false,            \"wrapAround\": true,            \"autoPlay\": 6000,            \"pauseAutoPlayOnHover\" : true,            \"prevNextButtons\": true,            \"contain\" : true,            \"adaptiveHeight\" : true,            \"dragThreshold\" : 10,            \"percentPosition\": true,            \"pageDots\": true,            \"rightToLeft\": false,            \"draggable\": true,            \"selectedAttraction\": 0.1,            \"parallax\" : 0,            \"friction\": 0.6        }'\n        >\n        \n\n  <div class=\"banner has-hover\" id=\"banner-1565203577\">\n          <div class=\"banner-inner fill\">\n        <div class=\"banner-bg fill\" >\n                                                \n                    <\/div>\n\t\t\n        <div class=\"banner-layers container\">\n            <div class=\"fill banner-link\"><\/div>            \n   <div id=\"text-box-1966946066\" class=\"text-box banner-layer x50 md-x50 lg-x50 y50 md-y50 lg-y50 res-text\">\n                                <div class=\"text-box-content text\">\n              \n              <div class=\"text-inner text-center\">\n                  \n  <div class=\"icon-box testimonial-box icon-box-center text-center is-large\">\n                <div class=\"icon-box-img testimonial-image circle\" style=\"width: 142px\">\n              <img loading=\"lazy\" decoding=\"async\" width=\"150\" height=\"150\" src=\"https:\/\/punaimepare.com\/wp-content\/uploads\/2025\/01\/Jetmir-Fazlijaj-150x150.jpg\" class=\"attachment-thumbnail size-thumbnail\" alt=\"\" \/>        <\/div>\n                <div class=\"icon-box-text p-last-0\">\n          <div class=\"star-rating\" role=\"img\" aria-label=\"Rated 5 out of 5\"><span style=\"width:100%\"><strong class=\"rating\"><\/strong><\/span><\/div>  \t\t\t\t<div class=\"testimonial-text line-height-small italic test_text first-reset last-reset is-italic\">\n            \n<p>Jetmir Fazlijaj, diplomorimo student ano Saslaripesko Fakultetni ano Prishtinako Universiteti. Palo agoripe e suksesea e studipyengo, Jetmiri sheringya e praktikaki buti ano Familiaruno Sastipesko Centro (FSC) ani Vitomirica. Akava gatisaripe hraminela yekkh mahatno bajako vash oleske, sar ano aspekti profesionaluno ayekha ano servisipe mamuy o komuniteti, kote ov aplikinela jandipe thay jandipya kola lela prekal o studipaske bersha. Ano olesko fakti ji sine ano Saslaripesko Fakulteti, Jetmiri demostringya yekh gatisaripe bikhelavdo ani oleski profesia, nakhavindoy o akademikune pharipya thay buderune praktike kola zoravde olesko temeli vash te ovel suksesuno saslarno. Aktualuno, praktikaki buti ano Familiaruno Sastipesko Centro ani Vitomirica dela oleske shaipe vash te lelkan shukar o pharipya vash sama ano saslaripe ano tereni, azutindoy direktuno e pacienten thay komunitete.<\/p>\n          <\/div>\n          <div class=\"testimonial-meta pt-half\">\n             <strong class=\"testimonial-name test_name\">Jetmir Fazlijaj<\/strong>\n             <span class=\"testimonial-name-divider\"> \/ <\/span>             <span class=\"testimonial-company test_company\">QKMF - Vitomiric\u00eb<\/span>\n          <\/div>\n        <\/div>\n  <\/div>\n\n  \n              <\/div>\n           <\/div>\n                            \n<style>\n#text-box-1966946066 {\n  width: 100%;\n}\n#text-box-1966946066 .text-box-content {\n  font-size: 100%;\n}\n@media (min-width:550px) {\n  #text-box-1966946066 {\n    width: 78%;\n  }\n}\n<\/style>\n    <\/div>\n \n        <\/div>\n      <\/div>\n\n            \n<style>\n#banner-1565203577 {\n  padding-top: 500px;\n  background-color: rgba(0, 0, 0, 0);\n}\n#banner-1565203577 .banner-bg img {\n  object-position: 79% 68%;\n}\n<\/style>\n  <\/div>\n\n\n\n  <div class=\"banner has-hover\" id=\"banner-998849807\">\n          <div class=\"banner-inner fill\">\n        <div class=\"banner-bg fill\" >\n                                                \n                    <\/div>\n\t\t\n        <div class=\"banner-layers container\">\n            <div class=\"fill banner-link\"><\/div>            \n   <div id=\"text-box-1064402475\" class=\"text-box banner-layer x50 md-x50 lg-x50 y50 md-y50 lg-y50 res-text\">\n                                <div class=\"text-box-content text\">\n              \n              <div class=\"text-inner text-center\">\n                  \n  <div class=\"icon-box testimonial-box icon-box-center text-center is-large\">\n                <div class=\"icon-box-img testimonial-image circle\" style=\"width: 142px\">\n              <img loading=\"lazy\" decoding=\"async\" width=\"150\" height=\"150\" src=\"https:\/\/punaimepare.com\/wp-content\/uploads\/2025\/01\/0001-150x150.jpg\" class=\"attachment-thumbnail size-thumbnail\" alt=\"\" \/>        <\/div>\n                <div class=\"icon-box-text p-last-0\">\n          <div class=\"star-rating\" role=\"img\" aria-label=\"Rated 5 out of 5\"><span style=\"width:100%\"><strong class=\"rating\"><\/strong><\/span><\/div>  \t\t\t\t<div class=\"testimonial-text line-height-small italic test_text first-reset last-reset is-italic\">\n            \n<p>Generaluni infemiera angazimi ani \u201cAvicena\u201d Mitrovica, nakhela yekh vakti intesivuno thay shukarno ano praktikaki buti. Prekal akava vakti, ovindoy kotor e mahatne ekipako profesionaluni ano akava centro. Prekal olako angazhipe sako divuno, Aida na numay sinela bayaripe e profesionalune jandipesko, numay ayekha shunela yekh shukaripe prekal e praktikaki buti. Sar yekh personi gatisarni vash te del sama ano uqo niveli vash pacientia, oy sis ah vakti gatisarni te azutinel thay te laqhargyol. Praktika ani \u201cAvicena\u201d dengya e Aidake shaipe vash te aplikinel o lele jandipya prekal o studipya, kerindoy ola te shunel peste pherdi e pozitivitetea thay siguruni ano olako dromipe ani umal e saslaripeski.<\/p>\n          <\/div>\n          <div class=\"testimonial-meta pt-half\">\n             <strong class=\"testimonial-name test_name\">Aida Krasniqi<\/strong>\n             <span class=\"testimonial-name-divider\"> \/ <\/span>             <span class=\"testimonial-company test_company\">Avicena<\/span>\n          <\/div>\n        <\/div>\n  <\/div>\n\n  \n              <\/div>\n           <\/div>\n                            \n<style>\n#text-box-1064402475 {\n  width: 100%;\n}\n#text-box-1064402475 .text-box-content {\n  font-size: 100%;\n}\n@media (min-width:550px) {\n  #text-box-1064402475 {\n    width: 78%;\n  }\n}\n<\/style>\n    <\/div>\n \n        <\/div>\n      <\/div>\n\n            \n<style>\n#banner-998849807 {\n  padding-top: 500px;\n  background-color: rgba(0, 0, 0, 0);\n}\n#banner-998849807 .banner-bg img {\n  object-position: 79% 68%;\n}\n<\/style>\n  <\/div>\n\n\n\n  <div class=\"banner has-hover\" id=\"banner-1147261360\">\n          <div class=\"banner-inner fill\">\n        <div class=\"banner-bg fill\" >\n                                                \n                    <\/div>\n\t\t\n        <div class=\"banner-layers container\">\n            <div class=\"fill banner-link\"><\/div>            \n   <div id=\"text-box-493503967\" class=\"text-box banner-layer x50 md-x50 lg-x50 y50 md-y50 lg-y50 res-text\">\n                                <div class=\"text-box-content text\">\n              \n              <div class=\"text-inner text-center\">\n                  \n  <div class=\"icon-box testimonial-box icon-box-center text-center is-large\">\n                <div class=\"icon-box-img testimonial-image circle\" style=\"width: 142px\">\n              <img loading=\"lazy\" decoding=\"async\" width=\"150\" height=\"150\" src=\"https:\/\/punaimepare.com\/wp-content\/uploads\/2025\/01\/02020-150x150.jpg\" class=\"attachment-thumbnail size-thumbnail\" alt=\"\" \/>        <\/div>\n                <div class=\"icon-box-text p-last-0\">\n          <div class=\"star-rating\" role=\"img\" aria-label=\"Rated 5 out of 5\"><span style=\"width:100%\"><strong class=\"rating\"><\/strong><\/span><\/div>  \t\t\t\t<div class=\"testimonial-text line-height-small italic test_text first-reset last-reset is-italic\">\n            \n<p>Mirlinda Bytyqi, yekh studenta talentimi kotar e SHML \u201cHysni Zajmi\u201d, nakhela prekal yekh eksperienca barvali ani praktika ano labaratori \u201c Avicena\u201d ani Jakova. Palo agoripe e shkollako, oy decisingya te alosarel o labaratori sar yekh idealuno than vash te bayarel poro profesionaluno jandipe thay te aplikinel akala jandipya kola lela ano studipya. Prekal o vakti e prakrikako, e Mirlinda sila shaipe te kerol e palune tehnologia thay te ovel ola akcesi ano avancime procedure laboratoriake. Akaya eksperienca dela olake buhli perspektiva upral o shaipe sar kerela funksia yekh moderuno laboratory thay mahatnipe oleske rolako ano saslaripesko dikhlaripe. Mirlinda si gatisarni te siklol may buderi kotar pere kolegia thay te del kontributi ani ekipa e laboratoryengi.  Oy mothavela kay e buti ani \u201cAvicena\u201d si yekh shaipe shukarno vash te bayarel o jandipya ani praktika. Numay ano aspekti profesionaluno, Mirlinda lela ayekha shaipe te ulavel siklipya thay te kerel neve ledeipya e profesionistyencar yaverune ani akaya umal. Yekhe  pozitivune pratsavea thay yekh mangipe zoralo vash te evolviringyol, Mirlinda bytyqi si ano shukarno dromipe vash yekh kariera e suksese ani umal saslaripeski. Olaki buti ano laboratory \u201cAvicena\u201d ani Jakova ka ovel servisipe ani zorali baza vash olako avutnipasko prosionalizmo.<\/p>\n          <\/div>\n          <div class=\"testimonial-meta pt-half\">\n             <strong class=\"testimonial-name test_name\">Mirlinda Bytyqi<\/strong>\n             <span class=\"testimonial-name-divider\"> \/ <\/span>             <span class=\"testimonial-company test_company\">Avicena<\/span>\n          <\/div>\n        <\/div>\n  <\/div>\n\n  \n              <\/div>\n           <\/div>\n                            \n<style>\n#text-box-493503967 {\n  width: 100%;\n}\n#text-box-493503967 .text-box-content {\n  font-size: 100%;\n}\n@media (min-width:550px) {\n  #text-box-493503967 {\n    width: 78%;\n  }\n}\n<\/style>\n    <\/div>\n \n        <\/div>\n      <\/div>\n\n            \n<style>\n#banner-1147261360 {\n  padding-top: 657px;\n  background-color: rgba(0, 0, 0, 0);\n}\n#banner-1147261360 .banner-bg img {\n  object-position: 79% 68%;\n}\n@media (min-width:550px) {\n  #banner-1147261360 {\n    padding-top: 600px;\n  }\n}\n<\/style>\n  <\/div>\n\n\n\n  <div class=\"banner has-hover\" id=\"banner-595934857\">\n          <div class=\"banner-inner fill\">\n        <div class=\"banner-bg fill\" >\n                                                \n                    <\/div>\n\t\t\n        <div class=\"banner-layers container\">\n            <div class=\"fill banner-link\"><\/div>            \n   <div id=\"text-box-502523850\" class=\"text-box banner-layer x50 md-x50 lg-x50 y50 md-y50 lg-y50 res-text\">\n                                <div class=\"text-box-content text\">\n              \n              <div class=\"text-inner text-center\">\n                  \n  <div class=\"icon-box testimonial-box icon-box-center text-center is-large\">\n                <div class=\"icon-box-img testimonial-image circle\" style=\"width: 142px\">\n              <img loading=\"lazy\" decoding=\"async\" width=\"150\" height=\"150\" src=\"https:\/\/punaimepare.com\/wp-content\/uploads\/2025\/01\/adri-150x150.jpg\" class=\"attachment-thumbnail size-thumbnail\" alt=\"\" \/>        <\/div>\n                <div class=\"icon-box-text p-last-0\">\n          <div class=\"star-rating\" role=\"img\" aria-label=\"Rated 5 out of 5\"><span style=\"width:100%\"><strong class=\"rating\"><\/strong><\/span><\/div>  \t\t\t\t<div class=\"testimonial-text line-height-small italic test_text first-reset last-reset is-italic\">\n            \n<p>Praktikanti talentuno kola evolvirinela o jandipe olesko ano laboratori saslaripesko ani kompania Xiri Shabanaj ani Jakova. Ov sile yekh pasioni baro ani umal e saslaripeski thay si gatisarno vash te siklol thay te del kontributi ano deyipe e saslacipeske servisipyengo e uqe nivelea. Prekal oleski praktika, Adriatik sinele shaipe te kerel buti ano yekh profesionaluno ambienti, kote implementingya olesko jandipe teoriake ani praktikuni situacia. Ov si penjardo vash oleske jandipya analitikune thay gojalipea vash detalia, kola si mahatne vash yekh saslaripesko laboranti.\nAdriatik si angle te evolvirinel o ledeyipe shukarno mashkar pere kolegia, kerindoy atmosfera ledeyipaski thay azutipaski. Oy lelo godideyipya thay mothavipya  kotar oleske mentoria, kola silen kontributi ano bayaripe e jandipesko vash olesko profesionalizmo thay penjaripe may hor e laboratoriake procesyengo. \nOv pakyala kay e praktika si mahatno bajako ani oleski kariera thay si eskeperienca oleske te siklol diso thay yekh shaipe vash te laqharel peste. Adriatiko si motivimo te phiravel evolviripe ani umal saslaripeski thay gndinela te kontribuinel ano avancipe e saslaripeske servisipyengo ano avutnipe. Ano agor o Adriatik Dana, si yekh praktikanti shukarno ano Xiri Shabanaj, kova mothavela o gatisaripe thay pasioni, kay sakova resipe shay reslola. Ov si yekh shukatno mothavno e duhoa vash o terne kola phiravena pere mangipya ani umal e saslaripeski.<\/p>\n          <\/div>\n          <div class=\"testimonial-meta pt-half\">\n             <strong class=\"testimonial-name test_name\">Adriatik Dana<\/strong>\n             <span class=\"testimonial-name-divider\"> \/ <\/span>             <span class=\"testimonial-company test_company\">Xiri Shabanaj<\/span>\n          <\/div>\n        <\/div>\n  <\/div>\n\n  \n              <\/div>\n           <\/div>\n                            \n<style>\n#text-box-502523850 {\n  width: 100%;\n}\n#text-box-502523850 .text-box-content {\n  font-size: 100%;\n}\n@media (min-width:550px) {\n  #text-box-502523850 {\n    width: 78%;\n  }\n}\n<\/style>\n    <\/div>\n \n        <\/div>\n      <\/div>\n\n            \n<style>\n#banner-595934857 {\n  padding-top: 657px;\n  background-color: rgba(0, 0, 0, 0);\n}\n#banner-595934857 .banner-bg img {\n  object-position: 79% 68%;\n}\n@media (min-width:550px) {\n  #banner-595934857 {\n    padding-top: 600px;\n  }\n}\n<\/style>\n  <\/div>\n\n\n     <\/div>\n\n     <div class=\"loading-spin dark large centered\"><\/div>\n\n\t<\/div>\n\n\n\t\t<\/div>\n\t\t\t\t\n<style>\n#col-475545252 > .col-inner {\n  border-radius: 9px;\n}\n<\/style>\n\t<\/div>\n\n\t\n<\/div>\n\t\t<\/div>\n\n\t\t\n<style>\n#section_1151649697 {\n  padding-top: 50px;\n  padding-bottom: 50px;\n}\n<\/style>\n\t<\/section>\n\t\n\n\t<section class=\"section\" id=\"section_291552897\">\n\t\t<div class=\"section-bg fill\" >\n\t\t\t\t\t\t\t\t\t\n\t\t\t\n\n\t\t<\/div>\n\n\t\t\n\n\t\t<div class=\"section-content relative\">\n\t\t\t\n\t<div id=\"gap-992995374\" class=\"gap-element clearfix\" style=\"display:block; height:auto;\">\n\t\t\n<style>\n#gap-992995374 {\n  padding-top: 30px;\n}\n<\/style>\n\t<\/div>\n\t\n<div class=\"row align-middle align-center\"  id=\"row-480792346\">\n\n\t<div id=\"col-1308815651\" class=\"col medium-6 small-12 large-6\"  >\n\t\t\t\t<div class=\"col-inner\"  >\n\t\t\t\n\t\t\t\n<h2>Puqipya kola ovena but ver<\/h2>\n\t\t<\/div>\n\t\t\t\t\t<\/div>\n\n\t\n\n\t<div id=\"col-1435313201\" class=\"col medium-6 small-12 large-6\"  >\n\t\t\t\t<div class=\"col-inner\"  >\n\t\t\t\n\t\t\t\n<div class=\"accordion\">\n\t<div id=\"accordion-2797238563\" class=\"accordion-item\">\n\t\t<a id=\"accordion-2797238563-label\" class=\"accordion-title plain\" href=\"#accordion-item-\u00c7far\u00eb-\u00ebsht\u00eb-programi-puna-ime-e-par\u00eb\" aria-expanded=\"false\" aria-controls=\"accordion-2797238563-content\">\n\t\t\t<button class=\"toggle\" aria-label=\"Toggle\"><i class=\"icon-angle-down\" aria-hidden=\"true\"><\/i><\/button>\n\t\t\t<span>Savi si o program Miri Angluni Buti<\/span>\n\t\t<\/a>\n\t\t<div id=\"accordion-2797238563-content\" class=\"accordion-inner\" aria-labelledby=\"accordion-2797238563-label\">\n\t\t\t\n<p>Programi \u201cMiri Angluni Buti\u201d si program e praktikake butyako e pokipea vash o terne kotar o komunitetya roma, ashkalie thay egipqanya. Sar kay prekal akava programi gndingyola de del shaipe ano evolviripe e praktikake jandipesko thay laqharipe e phanglipea e butyake tregosko, azutindoy olen ano may lokho integripe ani profesionaluno ambienti.<\/p>\n\t\t<\/div>\n\t<\/div>\n\t\n\t<div id=\"accordion-2668374469\" class=\"accordion-item\">\n\t\t<a id=\"accordion-2668374469-label\" class=\"accordion-title plain\" href=\"#accordion-item-kush-mund-t\u00eb-aplikoj\u00eb-p\u00ebr-k\u00ebt\u00eb-program?\" aria-expanded=\"false\" aria-controls=\"accordion-2668374469-content\">\n\t\t\t<button class=\"toggle\" aria-label=\"Toggle\"><i class=\"icon-angle-down\" aria-hidden=\"true\"><\/i><\/button>\n\t\t\t<span>Ko shay te aplikinel ano akava program?<\/span>\n\t\t<\/a>\n\t\t<div id=\"accordion-2668374469-content\" class=\"accordion-inner\" aria-labelledby=\"accordion-2668374469-label\">\n\t\t\t\n<p>Ano akava programi shay te aplikinen numay o jene e komunitetyengo: roma, ashkalie thay egipqanya kola jivdinena ani Kosovaki Republika<\/p>\n\t\t<\/div>\n\t<\/div>\n\t\n\t<div id=\"accordion-858813312\" class=\"accordion-item\">\n\t\t<a id=\"accordion-858813312-label\" class=\"accordion-title plain\" href=\"#accordion-item-a-mund-t\u00eb-aplikoj\u00eb-dy-her\u00eb-n\u00eb-k\u00ebt\u00eb-program\" aria-expanded=\"false\" aria-controls=\"accordion-858813312-content\">\n\t\t\t<button class=\"toggle\" aria-label=\"Toggle\"><i class=\"icon-angle-down\" aria-hidden=\"true\"><\/i><\/button>\n\t\t\t<span>A shay te aplikinav duy ver ano akava program<\/span>\n\t\t<\/a>\n\t\t<div id=\"accordion-858813312-content\" class=\"accordion-inner\" aria-labelledby=\"accordion-858813312-label\">\n\t\t\t\n<p>Na! kotar akava program shay te triumfinen pokingyon numay yekh ver<\/p>\n\t\t<\/div>\n\t<\/div>\n\t\n\t<div id=\"accordion-478206465\" class=\"accordion-item\">\n\t\t<a id=\"accordion-478206465-label\" class=\"accordion-title plain\" href=\"#accordion-item-a-ka-ndonj\u00eb-kufizim-moshe-p\u00ebr-aplikim?\" aria-expanded=\"false\" aria-controls=\"accordion-478206465-content\">\n\t\t\t<button class=\"toggle\" aria-label=\"Toggle\"><i class=\"icon-angle-down\" aria-hidden=\"true\"><\/i><\/button>\n\t\t\t<span>A si dayekh samatranda vay aqhavipe ko bersh vash aplikipe?<\/span>\n\t\t<\/a>\n\t\t<div id=\"accordion-478206465-content\" class=\"accordion-inner\" aria-labelledby=\"accordion-478206465-label\">\n\t\t\t\n<p>Bersha vash aplikipe ano akavca program si kotar o 18 jipe 34 bersh.<\/p>\n\t\t<\/div>\n\t<\/div>\n\t\n\t<div id=\"accordion-1033015895\" class=\"accordion-item\">\n\t\t<a id=\"accordion-1033015895-label\" class=\"accordion-title plain\" href=\"#accordion-item-cilat-jan\u00eb-kualifikimet-e-k\u00ebrkuara-p\u00ebr-t\u00eb-marr\u00eb-pjes\u00eb?\" aria-expanded=\"false\" aria-controls=\"accordion-1033015895-content\">\n\t\t\t<button class=\"toggle\" aria-label=\"Toggle\"><i class=\"icon-angle-down\" aria-hidden=\"true\"><\/i><\/button>\n\t\t\t<span>Kola si o kualifikipya kola manglape vash te len kotor?<\/span>\n\t\t<\/a>\n\t\t<div id=\"accordion-1033015895-content\" class=\"accordion-inner\" aria-labelledby=\"accordion-1033015895-label\">\n\t\t\t\n<p>a)\tTe agorinel elementaruni shkola, mashkaruni thay universiteti,<br \/>b)\tTena ovel triumfimo e praktikake butyako ano nakhle bersha,<br \/>c)\tTena ovel leyutno e socialune skemako,<\/p>\n\t\t<\/div>\n\t<\/div>\n\t\n\t<div id=\"accordion-2016858481\" class=\"accordion-item\">\n\t\t<a id=\"accordion-2016858481-label\" class=\"accordion-title plain\" href=\"#accordion-item-si-mund-t\u00eb-aplikoj-p\u00ebr-k\u00ebt\u00eb-program?\" aria-expanded=\"false\" aria-controls=\"accordion-2016858481-content\">\n\t\t\t<button class=\"toggle\" aria-label=\"Toggle\"><i class=\"icon-angle-down\" aria-hidden=\"true\"><\/i><\/button>\n\t\t\t<span>Sar shay te aplikina ano akava program?<\/span>\n\t\t<\/a>\n\t\t<div id=\"accordion-2016858481-content\" class=\"accordion-inner\" aria-labelledby=\"accordion-2016858481-label\">\n\t\t\t\n<p>Ano akava program shay te aplikinen prekal akava linko<\/p>\n\t\t<\/div>\n\t<\/div>\n\t\n\t<div id=\"accordion-4185621468\" class=\"accordion-item\">\n\t\t<a id=\"accordion-4185621468-label\" class=\"accordion-title plain\" href=\"#accordion-item-\u00c7far\u00eb-dokumentesh-k\u00ebrkohen-p\u00ebr-aplikim?\" aria-expanded=\"false\" aria-controls=\"accordion-4185621468-content\">\n\t\t\t<button class=\"toggle\" aria-label=\"Toggle\"><i class=\"icon-angle-down\" aria-hidden=\"true\"><\/i><\/button>\n\t\t\t<span>Save dokumentacie rodingyola vash aplikipe?<\/span>\n\t\t<\/a>\n\t\t<div id=\"accordion-4185621468-content\" class=\"accordion-inner\" aria-labelledby=\"accordion-4185621468-label\">\n\t\t\t\n<p>Palo so phergen o kriteria e anglune fazako,  tumen ka khargyon ani intervista. Te sine kay nakhena e intervista, ani duyto faza, tumendar  ka rodingyon dokumentia kola manglape te biqhalgyon ano vakti 3 divuno kotar e data e penjaripeski. \nDokumentacia si sar may tele:\n\n1.Identifikipasko lil ID karta\n\n2.Kopiya e bankake kartelako tumare personalune navea<\/p>\n<ol>\n<li>Let\u00ebrnjoftimin<\/li>\n<li>Kopjen e karteles bankare n\u00eb em\u00ebrin tuaj personal<\/li>\n<\/ol>\n\t\t<\/div>\n\t<\/div>\n\t\n<\/div>\n\t\t<\/div>\n\t\t\t\t\t<\/div>\n\n\t\n<\/div>\n\t\t<\/div>\n\n\t\t\n<style>\n#section_291552897 {\n  padding-top: 30px;\n  padding-bottom: 30px;\n  background-color: rgba(56, 56, 56, 0.041);\n}\n<\/style>\n\t<\/section>\n\t\n\n\t<section class=\"section\" id=\"section_1005729893\">\n\t\t<div class=\"section-bg fill\" >\n\t\t\t\t\t\t\t\t\t\n\t\t\t\n\n\t\t<\/div>\n\n\t\t\n\n\t\t<div class=\"section-content relative\">\n\t\t\t\n<div class=\"row align-middle\"  id=\"row-2056275824\">\n\n\t<div id=\"col-74829158\" class=\"col medium-6 small-12 large-6\"  >\n\t\t\t\t<div class=\"col-inner\"  >\n\t\t\t\n\t\t\t\n<p class=\"lead translation-block\">Naysipe vash azutipe e Programesko\n<strong>\u201cMiri Angluni Buti\u201d<\/strong><\/p>\n<p>Daha tumenge amaro naysipe vash tumaro umlavdo kontributi ano azutipe e programesko \u201cMiri Angluni Buti.\u201d Tumaro angazhipe kergya shaipe kreiripe e konkretune shipyengo vash o terne, deindoy olenge praktikako jandipe thay profesionaluni barvali praktika.<\/p>\n<p>Tumaro gatisaripe mamuy o evolviripe e butikerutnenge zoralipesko vash azutipe si yekh mothavipe avrirenduno e respondipesko socialuno thay investipesko ano avutnipe e komunitetesko.<\/p>\n<p>Naysipe vash ledeyipe thay tumaro pakyavipe ano akava sherdipe. Yekhune, ka laqhara yekh soledyuni baza vash suksesi ko amare terne<\/p>\n\t\t<\/div>\n\t\t\t\t\t<\/div>\n\n\t\n\n\t<div id=\"col-762912474\" class=\"col medium-6 small-12 large-6\"  >\n\t\t\t\t<div class=\"col-inner\"  >\n\t\t\t\n\t\t\t\n\t<div class=\"img has-hover x md-x lg-x y md-y lg-y\" id=\"image_1669619771\">\n\t\t\t\t\t\t\t\t<div class=\"img-inner dark\" >\n\t\t\t<img loading=\"lazy\" decoding=\"async\" width=\"900\" height=\"600\" src=\"https:\/\/punaimepare.com\/wp-content\/uploads\/2024\/12\/Untitled-design-1.png\" class=\"attachment-large size-large\" alt=\"\" srcset=\"https:\/\/punaimepare.com\/wp-content\/uploads\/2024\/12\/Untitled-design-1.png 900w, https:\/\/punaimepare.com\/wp-content\/uploads\/2024\/12\/Untitled-design-1-300x200.png 300w, https:\/\/punaimepare.com\/wp-content\/uploads\/2024\/12\/Untitled-design-1-768x512.png 768w, https:\/\/punaimepare.com\/wp-content\/uploads\/2024\/12\/Untitled-design-1-18x12.png 18w\" sizes=\"auto, (max-width: 900px) 100vw, 900px\" \/>\t\t\t\t\t\t\n\t\t\t\t\t<\/div>\n\t\t\t\t\t\t\t\t\n<style>\n#image_1669619771 {\n  width: 100%;\n}\n<\/style>\n\t<\/div>\n\t\n\t\t<\/div>\n\t\t\t\t\t<\/div>\n\n\t\n<\/div>\n\t\t<\/div>\n\n\t\t\n<style>\n#section_1005729893 {\n  padding-top: 30px;\n  padding-bottom: 30px;\n}\n<\/style>\n\t<\/section>","protected":false},"excerpt":{"rendered":"","protected":false},"author":1,"featured_media":0,"parent":0,"menu_order":0,"comment_status":"closed","ping_status":"closed","template":"page-blank.php","meta":{"footnotes":""},"class_list":["post-304","page","type-page","status-publish","hentry"],"_links":{"self":[{"href":"https:\/\/punaimepare.com\/roma\/wp-json\/wp\/v2\/pages\/304","targetHints":{"allow":["GET"]}}],"collection":[{"href":"https:\/\/punaimepare.com\/roma\/wp-json\/wp\/v2\/pages"}],"about":[{"href":"https:\/\/punaimepare.com\/roma\/wp-json\/wp\/v2\/types\/page"}],"author":[{"embeddable":true,"href":"https:\/\/punaimepare.com\/roma\/wp-json\/wp\/v2\/users\/1"}],"replies":[{"embeddable":true,"href":"https:\/\/punaimepare.com\/roma\/wp-json\/wp\/v2\/comments?post=304"}],"version-history":[{"count":32,"href":"https:\/\/punaimepare.com\/roma\/wp-json\/wp\/v2\/pages\/304\/revisions"}],"predecessor-version":[{"id":801,"href":"https:\/\/punaimepare.com\/roma\/wp-json\/wp\/v2\/pages\/304\/revisions\/801"}],"wp:attachment":[{"href":"https:\/\/punaimepare.com\/roma\/wp-json\/wp\/v2\/media?parent=304"}],"curies":[{"name":"wp","href":"https:\/\/api.w.org\/{rel}","templated":true}]}}